ppose -16*w = -19*w + 72. What is the remainder when w is divided by 16?
8
Let q(y) = -2*y**3 - 4*y**2 + 4. What is the remainder when 512/6 + (-6)/18 is divided by q(-3)?
19
Suppose 2*d - 3*d - 3 = 0. What is the remainder when 13 is divided by 2/d*3*-4?
5
Suppose 7*b - 52 = 3*b. Let i(t) = -t**2 + 13*t - 15. What is the remainder when b is divided by i(11)?
6
Let x = 5 + 167. What is the remainder when x is divided by 16?
12
Suppose 81 = 5*a + 2*p, 9 = 4*a + 4*p - 51. Suppose 3*j - 16 = 20. Let l = 62 - j. What is the remainder when l is divided by a?
16
Let i = 4 - 1. Suppose -i*b + 3*d = -3, 0*b + b = -5*d + 1. Suppose 2*c = -3*h + 4 + 5, h + 14 = 5*c. What is the remainder when b is divided by h?
0
Suppose -5*n = 3*i - 126, -2*n + 5*i + 11 + 27 = 0. What is the remainder when 266/6 - (-2)/3 is divided by n?
21
Suppose -3*h = -5*o + 6, -4*o - 2*h + 18 = -0*h. Suppose -3*z = -5*i + 37, i + 0*z = -z + 1. What is the remainder when i is divided by o?
2
Suppose -3*l = 2*l - 480. What is the remainder when l is divided by 33?
30
Let y(k) = -k**3 - 4*k**2 + 2*k + 6. Let x be y(-4). Calculate the remainder when (-16)/12*9/x is divided by 4.
2
Let k(c) = -c**3 - c**2 - c - 1. Let g(z) = -z**2 - 4*z + 3. Let m be g(-5). What is the remainder when (-80)/(-6) + (-10)/(-15) is divided by k(m)?
4
Let q(b) = 16*b - 1. Calculate the remainder when 58 is divided by q(1).
13
Let n = -9 + 14. What is the remainder when 1 + 212/18 + 14/63 is divided by n?
3
Let m = 1 + 3. Calculate the remainder when 6 is divided by m.
2
Suppose -5*w + 29 + 31 = 0. Suppose 4*j - 160 = -4*m, 2*m - 80 = -m + 5*j. Calculate the remainder when m is divided by w.
11
Calculate the remainder when 59 is divided by (-6)/(-36) + 82/12.
3
Suppose -2*r + 5*l = 7, 6*r = 4*r - 2*l. Let p = r + 7. Suppose -p = -5*h + 9. What is the remainder when 7 is divided by h?
1
Suppose 206 = 8*g - 138. Calculate the remainder when 257 is divided by g.
42
Let r(c) = -13*c - 5. Calculate the remainder when 80 is divided by r(-2).
17
Suppose 1 = -2*o - 3, 4*j - 48 = 4*o. Suppose -j = v - 29. Suppose -i + v = -3. Calculate the remainder when i is divided by 8.
6
Let i = -8 + 16. Suppose r - 5 = i. What is the remainder when 38 is divided by r?
12
Suppose 5*y = 4*k - 17, 0*k + 2*y - 38 = -4*k. Calculate the remainder when 21 is divided by k.
5
Let r = -76 - -157. Suppose 6*q - 2*p - r = 3*q, p = q - 28. What is the remainder when q is divided by 13?
12
What is the remainder when 3588/30 - (-2 - 13/(-5)) is divided by 10?
9
Suppose k - 54 = -5*p, p - k - 5 = 1. Let l = p - 5. Calculate the remainder when 144/10 - 4/10 is divided by l.
4
Suppose 5*y - 45 = 5*o, -2*o - 23 = 4*y - 71. What is the remainder when (-194)/(-6) + 1/(-3) is divided by y?
10
Suppose -6 - 10 = -4*a. Suppose h + i = 6, 0*h - a*i - 18 = -3*h. Calculate the remainder when 21 is divided by h.
3
Suppose 33 = -2*q + 103. Suppose 0 = 65*i - 54*i - 440. What is the remainder when i is divided by q*1*4/10?
12
Suppose x - 4*q + 5*q = 1, -3*q + 7 = 4*x. Suppose x*b + 0*b = 32. Suppose -2*t + 10 = -0*t. Calculate the remainder when b is divided by t.
3
Suppose 24*p - 600 = 12*p. What is the remainder when p is divided by 27?
23
Suppose 17*t = -6*t + 4945. Calculate the remainder when t is divided by 31.
29
Let a = -45 + 77. What is the remainder when a is divided by 9?
5
What is the remainder when 4 + 0 + -4 - 0 - -86 is divided by 18?
14
Suppose -o + 5 = -0*o. What is the remainder when o is divided by 2?
1
Suppose 5*x + 5*i = 0, -2*i - i = 15. What is the remainder when 22 is divided by x?
2
Suppose j + 7 = 3*g + 3, 2*g = j + 2. Suppose -2*y - 26 = -4*v, v + j*v = -y + 7. Suppose n + 0*n = v. Calculate the remainder when 15 is divided by n.
3
Let p(k) = k**2 - 2*k + 2. Calculate the remainder when p(5) is divided by 10.
7
Let g = 25 - 19. What is the remainder when g is divided by 2?
0
Let f = -23 - -25. What is the remainder when 4 is divided by f?
0
Suppose -4*l + 14 = -34. What is the remainder when 25 is divided by l?
1
Let c be (-246)/(-9)*(-3)/(-2). Let w = 67 - c. Calculate the remainder when w is divided by 9.
8
Let b = -8 + 8. Suppose 4*g - 3*g - 10 = b. What is the remainder when 29 is divided by g?
9
Let y(q) = -3*q - 3. Let o be y(-1). Suppose 12*n - 7*n - 80 = o. Calculate the remainder when n is divided by 7.
2
Let p be (-4 + -1 + 2)*-1. Let j be (4/(-5))/(p/(-15)). Suppose 2*l = -5*d + 48, 0*l = -j*l + 4*d + 124. Calculate the remainder when l is divided by 10.
9
Suppose -4*r + 2 = 10. What is the remainder when 18/4 - 3/r is divided by 4?
2
Let f = -51 - -72. Calculate the remainder when 61 is divided by f.
19
Let c = -70 + 117. Let t(x) = 2*x**2 + 3*x - 19. What is the remainder when c is divided by t(-5)?
15
Let h(p) = p**2 + 3*p + 3. Let m be h(-2). What is the remainder when 7 is divided by -2 - -4 - m - -1?
1
What is the remainder when 11 is divided by 5 - ((-12)/3)/(-2)?
2
Let f(u) = -2*u + 6. Let a be f(-3). Suppose -v + 4*c - 72 = -5*v, a = 3*c. What is the remainder when 40 is divided by v?
12
Suppose -3*w + 6*w - 51 = 0. Calculate the remainder when 65 is divided by w.
14
Suppose -1 - 2 = -w. Suppose 5*o + 0*o + 3*l = 18, -o = -w*l. Suppose 2*f - 2 = 4*s, f + 65 = 6*f + 2*s. What is the remainder when f is divided by o?
2
Let q = -13 + 19. Suppose 2*x = -3*x. Suppose -d + 4*d = 2*w - 34, 3*w + 4*d - 51 = x. What is the remainder when w is divided by q?
5
Let u(t) = -t**2 - 4*t + 7. Suppose -f + 1 = -c, 2*c - 1 = -2*c + 5*f. Let m be u(c). Let q = 15 + m. Calculate the remainder when 28 is divided by q.
8
Let o = -202 + 235. Let t(u) = 97*u**2 - u. Calculate the remainder when t(-1) is divided by o.
32
Let h(t) = t**3 - 5*t**2 + t - 7. Let q be h(7). Let k = q + -70. What is the remainder when 110 is divided by k?
26
Suppose 3*z = -s + 59, -41 = -2*z - 2*s + 5. What is the remainder when 52 is divided by z?
16
Let p be 27/5 + 2/(-5). Suppose -p*c = -5, a = -0*a + 5*c + 2. Let v = 4 + a. Calculate the remainder when 31 is divided by v.
9
Let u(l) = 3*l**2 - 3*l + 54. Calculate the remainder when u(0) is divided by 7.
5
Suppose 7*u - 27 = -2*h + 4*u, 3*u = 5*h - 36. Suppose -3*j - 96 = -3*r, 0*r + 4*j = 2*r - 58. What is the remainder when r is divided by h?
8
Let a = -10 - -18. Let d = a + -2. Suppose -5*r + 31 = d. What is the remainder when 13 is divided by r?
3
Suppose -2*k = -k - 4. Suppose 0 = -k*p + 38 - 6. Let h = p + 4. Calculate the remainder when 33 is divided by h.
9
Let m = 7 - 2. What is the remainder when 19 is divided by m?
4
Suppose 9*b + 355 = 1048. What is the remainder when b is divided by 20?
17
What is the remainder when (-9 - 0)*(-4 - 2) is divided by 19?
16
Let l = -84 + 115. What is the remainder when 120 is divided by l?
27
Suppose -7*q + 3*q + 5*z = 3, 18 = 5*q + z. Let h = -9 - -22. Suppose -2*a - 3 = -h. Calculate the remainder when a is divided by q.
2
Let o(m) = -m**3 + m**2 + m + 11. Suppose -u + 27 = 2*u. Let f = 15 - u. Calculate the remainder when o(0) is divided by f.
5
Let r(h) = -h**3 + 14*h**2 + 5*h - 16. What is the remainder when r(14) is divided by 11?
10
Let x(i) = -i + 4. What is the remainder when 25 is divided by x(-3)?
4
Suppose 2*c + 10 = 0, -5*v = 5*c - 2*c - 5. Suppose -54 = -v*s + 2*s. What is the remainder when s is divided by 10?
7
Let l(k) = -k**3 + 2*k**2 + 5*k + 4. What is the remainder when 26 is divided by l(-2)?
6
Let s(j) = 1 + j**2 - 2*j - 2*j - 3*j. Suppose g - 3*p + 19 = 2*g, g = -5*p + 25. Calculate the remainder when s(9) is divided by g.
9
Let d = -54 + -3. Let r = d + 90. Calculate the remainder when r is divided by (-105)/(-6) + 1/(-2).
16
Suppose 23*r + 155 = 569. Calculate the remainder when r is divided by 6.
0
Let f(p) = -p**3 + 6*p**2 - 7*p + 4. Let i(h) = 3*h**3 - 19*h**2 + 22*h - 13. Let y(b) = -7*f(b) - 2*i(b). Calculate the remainder when 5 is divided by y(3).
1
Suppose 2*o - q = 16, 0*q + 2*q = -2*o + 10. Let u(b) = b**3 - 6*b**2 - 6*b - 7. Let c be u(o). Let y = c - -1. Calculate the remainder when 1 is divided by y.
0
Calculate the remainder when -5 + 8 - (-14)/2 is divided by 3.
1
Let z = -1 - -3. Suppose 0*k = 2*y + 5*k - 126, -122 = -2*y - 4*k. Calculate the remainder when y is divided by 384/21 - z/7.
17
Let f(x) = -2*x - 8. Let i be